{"id":140,"date":"2020-04-06T12:28:45","date_gmt":"2020-04-06T12:28:45","guid":{"rendered":"https:\/\/demosites.io\/psychologist\/?page_id=7"},"modified":"2022-11-25T05:12:16","modified_gmt":"2022-11-25T05:12:16","slug":"servicios","status":"publish","type":"page","link":"https:\/\/www.lenguajeyemociones.com\/web\/servicios\/","title":{"rendered":"Servicios"},"content":{"rendered":"\t\t<div data-elementor-type=\"wp-page\" data-elementor-id=\"140\" class=\"elementor elementor-140\">\n\t\t\t\t\t\t<section class=\"elementor-section elementor-top-section elementor-element elementor-element-95c288e elementor-section-height-min-height elementor-section-boxed elementor-section-height-default elementor-section-items-middle\" data-id=\"95c288e\" data-element_type=\"section\" data-e-type=\"section\" data-settings=\"{&quot;background_background&quot;:&quot;classic&quot;}\">\n\t\t\t\t\t\t\t<div class=\"elementor-background-overlay\"><\/div>\n\t\t\t\t\t\t\t<div class=\"elementor-container elementor-column-gap-default\">\n\t\t\t\t\t<div class=\"elementor-column elementor-col-100 elementor-top-column elementor-element elementor-element-56f05b8\" data-id=\"56f05b8\" data-element_type=\"column\" data-e-type=\"column\">\n\t\t\t<div class=\"elementor-widget-wrap elementor-element-populated\">\n\t\t\t\t\t\t<div class=\"elementor-element elementor-element-530c992 elementor-widget elementor-widget-heading\" data-id=\"530c992\" data-element_type=\"widget\" data-e-type=\"widget\" data-widget_type=\"heading.default\">\n\t\t\t\t<div class=\"elementor-widget-container\">\n\t\t\t\t\t<h1 class=\"elementor-heading-title elementor-size-default\">Psicolog\u00eda - Logopedia <\/h1>\t\t\t\t<\/div>\n\t\t\t\t<\/div>\n\t\t\t\t\t<\/div>\n\t\t<\/div>\n\t\t\t\t\t<\/div>\n\t\t<\/section>\n\t\t\t\t<section class=\"elementor-section elementor-top-section elementor-element elementor-element-03691de elementor-section-boxed elementor-section-height-default elementor-section-height-default\" data-id=\"03691de\" data-element_type=\"section\" data-e-type=\"section\">\n\t\t\t\t\t\t<div class=\"elementor-container elementor-column-gap-default\">\n\t\t\t\t\t<div class=\"elementor-column elementor-col-100 elementor-top-column elementor-element elementor-element-aac8e48\" data-id=\"aac8e48\" data-element_type=\"column\" data-e-type=\"column\">\n\t\t\t<div class=\"elementor-widget-wrap elementor-element-populated\">\n\t\t\t\t\t\t<div class=\"elementor-element elementor-element-0d23bd4 elementor-widget elementor-widget-spacer\" data-id=\"0d23bd4\" data-element_type=\"widget\" data-e-type=\"widget\" data-widget_type=\"spacer.default\">\n\t\t\t\t<div class=\"elementor-widget-container\">\n\t\t\t\t\t\t\t<div class=\"elementor-spacer\">\n\t\t\t<div class=\"elementor-spacer-inner\"><\/div>\n\t\t<\/div>\n\t\t\t\t\t\t<\/div>\n\t\t\t\t<\/div>\n\t\t\t\t\t<\/div>\n\t\t<\/div>\n\t\t\t\t\t<\/div>\n\t\t<\/section>\n\t\t\t\t<section class=\"elementor-section elementor-top-section elementor-element elementor-element-0b4d69a elementor-section-full_width elementor-section-height-default elementor-section-height-default\" data-id=\"0b4d69a\" data-element_type=\"section\" data-e-type=\"section\" data-settings=\"{&quot;background_background&quot;:&quot;classic&quot;}\">\n\t\t\t\t\t\t<div class=\"elementor-container elementor-column-gap-no\">\n\t\t\t\t\t<div class=\"elementor-column elementor-col-50 elementor-top-column elementor-element elementor-element-03992d8\" data-id=\"03992d8\" data-element_type=\"column\" data-e-type=\"column\">\n\t\t\t<div class=\"elementor-widget-wrap elementor-element-populated\">\n\t\t\t\t\t\t<section class=\"elementor-section elementor-inner-section elementor-element elementor-element-15c8d23 elementor-section-boxed elementor-section-height-default elementor-section-height-default\" data-id=\"15c8d23\" data-element_type=\"section\" data-e-type=\"section\">\n\t\t\t\t\t\t<div class=\"elementor-container elementor-column-gap-default\">\n\t\t\t\t\t<div class=\"elementor-column elementor-col-100 elementor-inner-column elementor-element elementor-element-a9a8477\" data-id=\"a9a8477\" data-element_type=\"column\" data-e-type=\"column\">\n\t\t\t<div class=\"elementor-widget-wrap elementor-element-populated\">\n\t\t\t\t\t\t<div class=\"elementor-element elementor-element-567975d elementor-widget elementor-widget-heading\" data-id=\"567975d\" data-element_type=\"widget\" data-e-type=\"widget\" data-widget_type=\"heading.default\">\n\t\t\t\t<div class=\"elementor-widget-container\">\n\t\t\t\t\t<p class=\"elementor-heading-title elementor-size-default\">Nuestro objetivo<\/p>\t\t\t\t<\/div>\n\t\t\t\t<\/div>\n\t\t\t\t<div class=\"elementor-element elementor-element-63663b3 elementor-widget elementor-widget-heading\" data-id=\"63663b3\" data-element_type=\"widget\" data-e-type=\"widget\" data-widget_type=\"heading.default\">\n\t\t\t\t<div class=\"elementor-widget-container\">\n\t\t\t\t\t<h2 class=\"elementor-heading-title elementor-size-default\">Estamos aqu\u00ed para ayudarte<\/h2>\t\t\t\t<\/div>\n\t\t\t\t<\/div>\n\t\t\t\t<div class=\"elementor-element elementor-element-8c6a857 elementor-widget elementor-widget-text-editor\" data-id=\"8c6a857\" data-element_type=\"widget\" data-e-type=\"widget\" data-widget_type=\"text-editor.default\">\n\t\t\t\t<div class=\"elementor-widget-container\">\n\t\t\t\t\t\t\t\t\t<p>\u2022 Tus psic\u00f3logas en el Barrio del Carmen.<\/p><p>\u2022 A tu servicio desde 1999<\/p><p>\u2022 Estamos cerca de ti.<\/p><p>\u2022 Para nosotras lo importante eres t\u00fa.<\/p><p>\u2022 Aprendiendo d\u00eda a d\u00eda para serte de utilidad.<\/p><p>\u2022 Atenci\u00f3n psicol\u00f3gica en todas las edades de la vida: ni\u00f1os, adolescentes, adultos, y ancianos.<\/p>\t\t\t\t\t\t\t\t<\/div>\n\t\t\t\t<\/div>\n\t\t\t\t\t<\/div>\n\t\t<\/div>\n\t\t\t\t\t<\/div>\n\t\t<\/section>\n\t\t\t\t\t<\/div>\n\t\t<\/div>\n\t\t\t\t<div class=\"elementor-column elementor-col-50 elementor-top-column elementor-element elementor-element-0a6c951\" data-id=\"0a6c951\" data-element_type=\"column\" data-e-type=\"column\">\n\t\t\t<div class=\"elementor-widget-wrap elementor-element-populated\">\n\t\t\t\t\t\t<div class=\"elementor-element elementor-element-5f5b7b5 elementor-widget elementor-widget-image\" data-id=\"5f5b7b5\" data-element_type=\"widget\" data-e-type=\"widget\" data-widget_type=\"image.default\">\n\t\t\t\t<div class=\"elementor-widget-container\">\n\t\t\t\t\t\t\t\t\t\t\t\t\t\t\t<img fetchpriority=\"high\" decoding=\"async\" data-attachment-id=\"108\" data-permalink=\"https:\/\/www.lenguajeyemociones.com\/web\/psychologist-z-01\/\" data-orig-file=\"https:\/\/www.lenguajeyemociones.com\/web\/wp-content\/uploads\/2020\/04\/neve-psychologist-z-01.jpg\" data-orig-size=\"600,650\" data-comments-opened=\"1\" data-image-meta=\"{&quot;aperture&quot;:&quot;0&quot;,&quot;credit&quot;:&quot;&quot;,&quot;camera&quot;:&quot;&quot;,&quot;caption&quot;:&quot;&quot;,&quot;created_timestamp&quot;:&quot;0&quot;,&quot;copyright&quot;:&quot;&quot;,&quot;focal_length&quot;:&quot;0&quot;,&quot;iso&quot;:&quot;0&quot;,&quot;shutter_speed&quot;:&quot;0&quot;,&quot;title&quot;:&quot;&quot;,&quot;orientation&quot;:&quot;0&quot;}\" data-image-title=\"psychologist-z-01\" data-image-description=\"\" data-image-caption=\"\" data-large-file=\"https:\/\/www.lenguajeyemociones.com\/web\/wp-content\/uploads\/2020\/04\/neve-psychologist-z-01.jpg\" width=\"600\" height=\"650\" src=\"https:\/\/www.lenguajeyemociones.com\/web\/wp-content\/uploads\/2020\/04\/neve-psychologist-z-01.jpg\" class=\"attachment-full size-full wp-image-108\" alt=\"\" data-attachment-id=\"108\" data-permalink=\"https:\/\/www.lenguajeyemociones.com\/web\/psychologist-z-01\/\" data-orig-file=\"https:\/\/www.lenguajeyemociones.com\/web\/wp-content\/uploads\/2020\/04\/neve-psychologist-z-01.jpg\" data-orig-size=\"600,650\" data-comments-opened=\"1\" data-image-meta=\"{&quot;aperture&quot;:&quot;0&quot;,&quot;credit&quot;:&quot;&quot;,&quot;camera&quot;:&quot;&quot;,&quot;caption&quot;:&quot;&quot;,&quot;created_timestamp&quot;:&quot;0&quot;,&quot;copyright&quot;:&quot;&quot;,&quot;focal_length&quot;:&quot;0&quot;,&quot;iso&quot;:&quot;0&quot;,&quot;shutter_speed&quot;:&quot;0&quot;,&quot;title&quot;:&quot;&quot;,&quot;orientation&quot;:&quot;0&quot;}\" data-image-title=\"psychologist-z-01\" data-image-description=\"\" data-image-caption=\"\" data-large-file=\"https:\/\/www.lenguajeyemociones.com\/web\/wp-content\/uploads\/2020\/04\/neve-psychologist-z-01.jpg\" \/>\t\t\t\t\t\t\t\t\t\t\t\t\t\t\t<\/div>\n\t\t\t\t<\/div>\n\t\t\t\t\t<\/div>\n\t\t<\/div>\n\t\t\t\t\t<\/div>\n\t\t<\/section>\n\t\t\t\t<section class=\"elementor-section elementor-top-section elementor-element elementor-element-063fe44 elementor-section-boxed elementor-section-height-default elementor-section-height-default\" data-id=\"063fe44\" data-element_type=\"section\" data-e-type=\"section\" data-settings=\"{&quot;background_background&quot;:&quot;classic&quot;}\">\n\t\t\t\t\t\t<div class=\"elementor-container elementor-column-gap-default\">\n\t\t\t\t\t<div class=\"elementor-column elementor-col-100 elementor-top-column elementor-element elementor-element-2f4fbc7\" data-id=\"2f4fbc7\" data-element_type=\"column\" data-e-type=\"column\">\n\t\t\t<div class=\"elementor-widget-wrap elementor-element-populated\">\n\t\t\t\t\t\t<section class=\"elementor-section elementor-inner-section elementor-element elementor-element-e3b91ae elementor-section-boxed elementor-section-height-default elementor-section-height-default\" data-id=\"e3b91ae\" data-element_type=\"section\" data-e-type=\"section\">\n\t\t\t\t\t\t<div class=\"elementor-container elementor-column-gap-default\">\n\t\t\t\t\t<div class=\"elementor-column elementor-col-50 elementor-inner-column elementor-element elementor-element-9d02eff\" data-id=\"9d02eff\" data-element_type=\"column\" data-e-type=\"column\">\n\t\t\t<div class=\"elementor-widget-wrap elementor-element-populated\">\n\t\t\t\t\t\t<div class=\"elementor-element elementor-element-4a53909 elementor-widget elementor-widget-heading\" data-id=\"4a53909\" data-element_type=\"widget\" data-e-type=\"widget\" data-widget_type=\"heading.default\">\n\t\t\t\t<div class=\"elementor-widget-container\">\n\t\t\t\t\t<p class=\"elementor-heading-title elementor-size-default\">nuestros servicios<\/p>\t\t\t\t<\/div>\n\t\t\t\t<\/div>\n\t\t\t\t<div class=\"elementor-element elementor-element-3b62b01 elementor-widget elementor-widget-heading\" data-id=\"3b62b01\" data-element_type=\"widget\" data-e-type=\"widget\" data-widget_type=\"heading.default\">\n\t\t\t\t<div class=\"elementor-widget-container\">\n\t\t\t\t\t<h2 class=\"elementor-heading-title elementor-size-default\">\u00bfQue te ofrecemos?<\/h2>\t\t\t\t<\/div>\n\t\t\t\t<\/div>\n\t\t\t\t<div class=\"elementor-element elementor-element-c191773 elementor-widget elementor-widget-text-editor\" data-id=\"c191773\" data-element_type=\"widget\" data-e-type=\"widget\" data-widget_type=\"text-editor.default\">\n\t\t\t\t<div class=\"elementor-widget-container\">\n\t\t\t\t\t\t\t\t\t<p>Aqu\u00ed tienes una lista de nuestros servicios de psicolog\u00eda y logopedia. Si necesitas alguna aclaraci\u00f3n o tienes alguna duda, contacta con nosotras sin ning\u00fan compromiso.<\/p>\t\t\t\t\t\t\t\t<\/div>\n\t\t\t\t<\/div>\n\t\t\t\t\t<\/div>\n\t\t<\/div>\n\t\t\t\t<div class=\"elementor-column elementor-col-50 elementor-inner-column elementor-element elementor-element-91d2d4c\" data-id=\"91d2d4c\" data-element_type=\"column\" data-e-type=\"column\">\n\t\t\t<div class=\"elementor-widget-wrap elementor-element-populated\">\n\t\t\t\t\t\t<div class=\"elementor-element elementor-element-bce927d elementor-widget elementor-widget-image\" data-id=\"bce927d\" data-element_type=\"widget\" data-e-type=\"widget\" data-widget_type=\"image.default\">\n\t\t\t\t<div class=\"elementor-widget-container\">\n\t\t\t\t\t\t\t\t\t\t\t\t\t\t\t<img decoding=\"async\" data-attachment-id=\"125\" data-permalink=\"https:\/\/www.lenguajeyemociones.com\/web\/psychologist-z-20\/\" data-orig-file=\"https:\/\/www.lenguajeyemociones.com\/web\/wp-content\/uploads\/2020\/04\/neve-psychologist-z-20.jpg\" data-orig-size=\"1200,400\" data-comments-opened=\"1\" data-image-meta=\"{&quot;aperture&quot;:&quot;0&quot;,&quot;credit&quot;:&quot;&quot;,&quot;camera&quot;:&quot;&quot;,&quot;caption&quot;:&quot;&quot;,&quot;created_timestamp&quot;:&quot;0&quot;,&quot;copyright&quot;:&quot;&quot;,&quot;focal_length&quot;:&quot;0&quot;,&quot;iso&quot;:&quot;0&quot;,&quot;shutter_speed&quot;:&quot;0&quot;,&quot;title&quot;:&quot;&quot;,&quot;orientation&quot;:&quot;0&quot;}\" data-image-title=\"psychologist-z-20\" data-image-description=\"\" data-image-caption=\"\" data-large-file=\"https:\/\/www.lenguajeyemociones.com\/web\/wp-content\/uploads\/2020\/04\/neve-psychologist-z-20.jpg\" width=\"1200\" height=\"400\" src=\"https:\/\/www.lenguajeyemociones.com\/web\/wp-content\/uploads\/2020\/04\/neve-psychologist-z-20.jpg\" class=\"attachment-full size-full wp-image-125\" alt=\"\" data-attachment-id=\"125\" data-permalink=\"https:\/\/www.lenguajeyemociones.com\/web\/psychologist-z-20\/\" data-orig-file=\"https:\/\/www.lenguajeyemociones.com\/web\/wp-content\/uploads\/2020\/04\/neve-psychologist-z-20.jpg\" data-orig-size=\"1200,400\" data-comments-opened=\"1\" data-image-meta=\"{&quot;aperture&quot;:&quot;0&quot;,&quot;credit&quot;:&quot;&quot;,&quot;camera&quot;:&quot;&quot;,&quot;caption&quot;:&quot;&quot;,&quot;created_timestamp&quot;:&quot;0&quot;,&quot;copyright&quot;:&quot;&quot;,&quot;focal_length&quot;:&quot;0&quot;,&quot;iso&quot;:&quot;0&quot;,&quot;shutter_speed&quot;:&quot;0&quot;,&quot;title&quot;:&quot;&quot;,&quot;orientation&quot;:&quot;0&quot;}\" data-image-title=\"psychologist-z-20\" data-image-description=\"\" data-image-caption=\"\" data-large-file=\"https:\/\/www.lenguajeyemociones.com\/web\/wp-content\/uploads\/2020\/04\/neve-psychologist-z-20.jpg\" \/>\t\t\t\t\t\t\t\t\t\t\t\t\t\t\t<\/div>\n\t\t\t\t<\/div>\n\t\t\t\t\t<\/div>\n\t\t<\/div>\n\t\t\t\t\t<\/div>\n\t\t<\/section>\n\t\t\t\t<section class=\"elementor-section elementor-inner-section elementor-element elementor-element-cda700e elementor-section-boxed elementor-section-height-default elementor-section-height-default\" data-id=\"cda700e\" data-element_type=\"section\" data-e-type=\"section\">\n\t\t\t\t\t\t<div class=\"elementor-container elementor-column-gap-default\">\n\t\t\t\t\t<div class=\"elementor-column elementor-col-50 elementor-inner-column elementor-element elementor-element-fde230a\" data-id=\"fde230a\" data-element_type=\"column\" data-e-type=\"column\">\n\t\t\t<div class=\"elementor-widget-wrap elementor-element-populated\">\n\t\t\t\t\t\t<div class=\"elementor-element elementor-element-c34c7b8 elementor-widget elementor-widget-heading\" data-id=\"c34c7b8\" data-element_type=\"widget\" data-e-type=\"widget\" data-widget_type=\"heading.default\">\n\t\t\t\t<div class=\"elementor-widget-container\">\n\t\t\t\t\t<h2 class=\"elementor-heading-title elementor-size-default\">Psicolog\u00eda<\/h2>\t\t\t\t<\/div>\n\t\t\t\t<\/div>\n\t\t\t\t\t<\/div>\n\t\t<\/div>\n\t\t\t\t<div class=\"elementor-column elementor-col-50 elementor-inner-column elementor-element elementor-element-aa35129\" data-id=\"aa35129\" data-element_type=\"column\" data-e-type=\"column\">\n\t\t\t<div class=\"elementor-widget-wrap elementor-element-populated\">\n\t\t\t\t\t\t<div class=\"elementor-element elementor-element-7085102 elementor-widget elementor-widget-heading\" data-id=\"7085102\" data-element_type=\"widget\" data-e-type=\"widget\" data-widget_type=\"heading.default\">\n\t\t\t\t<div class=\"elementor-widget-container\">\n\t\t\t\t\t<h2 class=\"elementor-heading-title elementor-size-default\">Logopedia<\/h2>\t\t\t\t<\/div>\n\t\t\t\t<\/div>\n\t\t\t\t\t<\/div>\n\t\t<\/div>\n\t\t\t\t\t<\/div>\n\t\t<\/section>\n\t\t\t\t<section class=\"elementor-section elementor-inner-section elementor-element elementor-element-f9b865e elementor-section-boxed elementor-section-height-default elementor-section-height-default\" data-id=\"f9b865e\" data-element_type=\"section\" data-e-type=\"section\">\n\t\t\t\t\t\t<div class=\"elementor-container elementor-column-gap-default\">\n\t\t\t\t\t<div class=\"elementor-column elementor-col-50 elementor-inner-column elementor-element elementor-element-45b6e7f\" data-id=\"45b6e7f\" data-element_type=\"column\" data-e-type=\"column\">\n\t\t\t<div class=\"elementor-widget-wrap elementor-element-populated\">\n\t\t\t\t\t\t<div class=\"elementor-element elementor-element-6eba32a elementor-widget elementor-widget-text-editor\" data-id=\"6eba32a\" data-element_type=\"widget\" data-e-type=\"widget\" data-widget_type=\"text-editor.default\">\n\t\t\t\t<div class=\"elementor-widget-container\">\n\t\t\t\t\t\t\t\t\t<ul><li>Atenci\u00f3n psicol\u00f3gica a profesiones de riesgo: Polic\u00edas, bomberos, sanitarios&#8230;.<\/li><li>Ludopat\u00eda y otras adicciones<\/li><li>Terapia individual y grupal<\/li><li>Terapia de pareja<\/li><li>Orientaci\u00f3n y terapia familiar<\/li><li>Trastornos de ansiedad y depresi\u00f3n<\/li><li>Dependencia emocional<\/li><li>Crecimiento personal<\/li><li>Duelos<\/li><li>Separaci\u00f3n, divorcio o rupturas sentimentales<\/li><li>Problemas en el trabajo<\/li><li>Miedos, fobias, man\u00edas<\/li><li>Problemas de conducta en ni\u00f1os y adolescentes<\/li><li>Violencia contra la mujer<\/li><\/ul>\t\t\t\t\t\t\t\t<\/div>\n\t\t\t\t<\/div>\n\t\t\t\t\t<\/div>\n\t\t<\/div>\n\t\t\t\t<div class=\"elementor-column elementor-col-50 elementor-inner-column elementor-element elementor-element-c9ee466\" data-id=\"c9ee466\" data-element_type=\"column\" data-e-type=\"column\">\n\t\t\t<div class=\"elementor-widget-wrap elementor-element-populated\">\n\t\t\t\t\t\t<div class=\"elementor-element elementor-element-041777f elementor-widget elementor-widget-text-editor\" data-id=\"041777f\" data-element_type=\"widget\" data-e-type=\"widget\" data-widget_type=\"text-editor.default\">\n\t\t\t\t<div class=\"elementor-widget-container\">\n\t\t\t\t\t\t\t\t\t<ul>\n \t<li>Estimulaci\u00f3n cognitiva y del lenguaje<\/li>\n \t<li>Terapia miofuncional<\/li>\n \t<li>Articulaci\u00f3n (dislalias, disglosias (paladar, labio, lengua)<\/li>\n \t<li>Retraso simple del lenguaje<\/li>\n \t<li>Trastorno espec\u00edfico del lenguaje<\/li>\n \t<li>Disartria<\/li>\n \t<li>Trastorno de la lectura escritura (dislexia, disortograf\u00eda)<\/li>\n \t<li>Trastorno de la fluencia verbal (alteraci\u00f3n del ritmo, tartamudez)<\/li>\n \t<li>Trastornos de la voz (disfon\u00edas, rinolalias, educaci\u00f3n vocal)<\/li>\n \t<li>Trastornos del aprendizaje escolar<\/li>\n \t<li>Trastorno Generalizado del Desarrollo<\/li>\n \t<li>Trastorno de Deficit de Atenci\u00f3n<\/li>\n \t<li>TEA<\/li>\n<\/ul>\t\t\t\t\t\t\t\t<\/div>\n\t\t\t\t<\/div>\n\t\t\t\t\t<\/div>\n\t\t<\/div>\n\t\t\t\t\t<\/div>\n\t\t<\/section>\n\t\t\t\t\t<\/div>\n\t\t<\/div>\n\t\t\t\t\t<\/div>\n\t\t<\/section>\n\t\t\t\t<section class=\"elementor-section elementor-top-section elementor-element elementor-element-6dc23a5 elementor-section-boxed elementor-section-height-default elementor-section-height-default\" data-id=\"6dc23a5\" data-element_type=\"section\" data-e-type=\"section\">\n\t\t\t\t\t\t<div class=\"elementor-container elementor-column-gap-default\">\n\t\t\t\t\t<div class=\"elementor-column elementor-col-100 elementor-top-column elementor-element elementor-element-417736b\" data-id=\"417736b\" data-element_type=\"column\" data-e-type=\"column\">\n\t\t\t<div class=\"elementor-widget-wrap elementor-element-populated\">\n\t\t\t\t\t\t<section class=\"elementor-section elementor-inner-section elementor-element elementor-element-25f0daf elementor-section-boxed elementor-section-height-default elementor-section-height-default\" data-id=\"25f0daf\" data-element_type=\"section\" data-e-type=\"section\">\n\t\t\t\t\t\t<div class=\"elementor-container elementor-column-gap-default\">\n\t\t\t\t\t<div class=\"elementor-column elementor-col-50 elementor-inner-column elementor-element elementor-element-433cdc8\" data-id=\"433cdc8\" data-element_type=\"column\" data-e-type=\"column\">\n\t\t\t<div class=\"elementor-widget-wrap elementor-element-populated\">\n\t\t\t\t\t\t<div class=\"elementor-element elementor-element-e59476f elementor-align-left elementor-mobile-align-justify elementor-widget elementor-widget-button\" data-id=\"e59476f\" data-element_type=\"widget\" data-e-type=\"widget\" data-widget_type=\"button.default\">\n\t\t\t\t<div class=\"elementor-widget-container\">\n\t\t\t\t\t\t\t\t\t<div class=\"elementor-button-wrapper\">\n\t\t\t\t\t<a class=\"elementor-button elementor-button-link elementor-size-md\" href=\"\/web\/contacto\">\n\t\t\t\t\t\t<span class=\"elementor-button-content-wrapper\">\n\t\t\t\t\t\t\t\t\t<span class=\"elementor-button-text\">contacta con nosotras<\/span>\n\t\t\t\t\t<\/span>\n\t\t\t\t\t<\/a>\n\t\t\t\t<\/div>\n\t\t\t\t\t\t\t\t<\/div>\n\t\t\t\t<\/div>\n\t\t\t\t\t<\/div>\n\t\t<\/div>\n\t\t\t\t<div class=\"elementor-column elementor-col-50 elementor-inner-column elementor-element elementor-element-2a1811d\" data-id=\"2a1811d\" data-element_type=\"column\" data-e-type=\"column\">\n\t\t\t<div class=\"elementor-widget-wrap\">\n\t\t\t\t\t\t\t<\/div>\n\t\t<\/div>\n\t\t\t\t\t<\/div>\n\t\t<\/section>\n\t\t\t\t\t<\/div>\n\t\t<\/div>\n\t\t\t\t\t<\/div>\n\t\t<\/section>\n\t\t\t\t<\/div>\n\t\t","protected":false},"excerpt":{"rendered":"<p>Psicolog\u00eda &#8211; Logopedia Nuestro objetivo Estamos aqu\u00ed para ayudarte \u2022 Tus psic\u00f3logas en el Barrio del Carmen. \u2022 A tu servicio desde 1999 \u2022 Estamos cerca de ti. \u2022 Para nosotras lo importante eres t\u00fa. \u2022 Aprendiendo d\u00eda a d\u00eda para serte de utilidad. \u2022 Atenci\u00f3n psicol\u00f3gica en todas las edades de la vida: ni\u00f1os,&hellip;&nbsp;<a href=\"https:\/\/www.lenguajeyemociones.com\/web\/servicios\/\" rel=\"bookmark\">Leer m\u00e1s &raquo;<span class=\"screen-reader-text\">Servicios<\/span><\/a><\/p>\n","protected":false},"author":1,"featured_media":0,"parent":0,"menu_order":0,"comment_status":"closed","ping_status":"closed","template":"page-templates\/template-pagebuilder-full-width.php","meta":{"neve_meta_sidebar":"full-width","neve_meta_container":"","neve_meta_enable_content_width":"on","neve_meta_content_width":100,"neve_meta_title_alignment":"","neve_meta_author_avatar":"","neve_post_elements_order":"","neve_meta_disable_header":"","neve_meta_disable_footer":"","neve_meta_disable_title":"","neve_meta_reading_time":"","footnotes":""},"class_list":["post-140","page","type-page","status-publish","hentry"],"jetpack_shortlink":"https:\/\/wp.me\/PcAr6t-2g","jetpack_sharing_enabled":true,"_links":{"self":[{"href":"https:\/\/www.lenguajeyemociones.com\/web\/wp-json\/wp\/v2\/pages\/140","targetHints":{"allow":["GET"]}}],"collection":[{"href":"https:\/\/www.lenguajeyemociones.com\/web\/wp-json\/wp\/v2\/pages"}],"about":[{"href":"https:\/\/www.lenguajeyemociones.com\/web\/wp-json\/wp\/v2\/types\/page"}],"author":[{"embeddable":true,"href":"https:\/\/www.lenguajeyemociones.com\/web\/wp-json\/wp\/v2\/users\/1"}],"replies":[{"embeddable":true,"href":"https:\/\/www.lenguajeyemociones.com\/web\/wp-json\/wp\/v2\/comments?post=140"}],"version-history":[{"count":43,"href":"https:\/\/www.lenguajeyemociones.com\/web\/wp-json\/wp\/v2\/pages\/140\/revisions"}],"predecessor-version":[{"id":478,"href":"https:\/\/www.lenguajeyemociones.com\/web\/wp-json\/wp\/v2\/pages\/140\/revisions\/478"}],"wp:attachment":[{"href":"https:\/\/www.lenguajeyemociones.com\/web\/wp-json\/wp\/v2\/media?parent=140"}],"curies":[{"name":"wp","href":"https:\/\/api.w.org\/{rel}","templated":true}]}}