{"id":139,"date":"2020-04-06T12:28:33","date_gmt":"2020-04-06T12:28:33","guid":{"rendered":"https:\/\/demosites.io\/psychologist\/?page_id=6"},"modified":"2020-12-03T19:30:27","modified_gmt":"2020-12-03T19:30:27","slug":"sobre-nosotras","status":"publish","type":"page","link":"https:\/\/www.lenguajeyemociones.com\/web\/sobre-nosotras\/","title":{"rendered":"Sobre nosotras"},"content":{"rendered":"\t\t<div data-elementor-type=\"wp-page\" data-elementor-id=\"139\" class=\"elementor elementor-139\">\n\t\t\t\t\t\t<section class=\"elementor-section elementor-top-section elementor-element elementor-element-9ef62dc elementor-section-height-min-height elementor-section-boxed elementor-section-height-default elementor-section-items-middle\" data-id=\"9ef62dc\" data-element_type=\"section\" data-e-type=\"section\" data-settings=\"{&quot;background_background&quot;:&quot;classic&quot;}\">\n\t\t\t\t\t\t\t<div class=\"elementor-background-overlay\"><\/div>\n\t\t\t\t\t\t\t<div class=\"elementor-container elementor-column-gap-default\">\n\t\t\t\t\t<div class=\"elementor-column elementor-col-100 elementor-top-column elementor-element elementor-element-f70cfe9\" data-id=\"f70cfe9\" data-element_type=\"column\" data-e-type=\"column\">\n\t\t\t<div class=\"elementor-widget-wrap elementor-element-populated\">\n\t\t\t\t\t\t<div class=\"elementor-element elementor-element-173332f elementor-widget elementor-widget-heading\" data-id=\"173332f\" data-element_type=\"widget\" data-e-type=\"widget\" data-widget_type=\"heading.default\">\n\t\t\t\t<div class=\"elementor-widget-container\">\n\t\t\t\t\t<h1 class=\"elementor-heading-title elementor-size-default\">Sobre nosotras<\/h1>\t\t\t\t<\/div>\n\t\t\t\t<\/div>\n\t\t\t\t\t<\/div>\n\t\t<\/div>\n\t\t\t\t\t<\/div>\n\t\t<\/section>\n\t\t\t\t<section class=\"elementor-section elementor-top-section elementor-element elementor-element-c6923ab elementor-section-boxed elementor-section-height-default elementor-section-height-default\" data-id=\"c6923ab\" data-element_type=\"section\" data-e-type=\"section\" data-settings=\"{&quot;background_background&quot;:&quot;classic&quot;}\">\n\t\t\t\t\t\t<div class=\"elementor-container elementor-column-gap-default\">\n\t\t\t\t\t<div class=\"elementor-column elementor-col-100 elementor-top-column elementor-element elementor-element-a9f9e11\" data-id=\"a9f9e11\" data-element_type=\"column\" data-e-type=\"column\">\n\t\t\t<div class=\"elementor-widget-wrap elementor-element-populated\">\n\t\t\t\t\t\t<section class=\"elementor-section elementor-inner-section elementor-element elementor-element-4525bca elementor-section-boxed elementor-section-height-default elementor-section-height-default\" data-id=\"4525bca\" data-element_type=\"section\" data-e-type=\"section\">\n\t\t\t\t\t\t<div class=\"elementor-container elementor-column-gap-default\">\n\t\t\t\t\t<div class=\"elementor-column elementor-col-33 elementor-inner-column elementor-element elementor-element-ec3eb9f\" data-id=\"ec3eb9f\" data-element_type=\"column\" data-e-type=\"column\" data-settings=\"{&quot;background_background&quot;:&quot;classic&quot;}\">\n\t\t\t<div class=\"elementor-widget-wrap elementor-element-populated\">\n\t\t\t\t\t\t<div class=\"elementor-element elementor-element-7424022 elementor-widget elementor-widget-spacer\" data-id=\"7424022\" data-element_type=\"widget\" data-e-type=\"widget\" data-widget_type=\"spacer.default\">\n\t\t\t\t<div class=\"elementor-widget-container\">\n\t\t\t\t\t\t\t<div class=\"elementor-spacer\">\n\t\t\t<div class=\"elementor-spacer-inner\"><\/div>\n\t\t<\/div>\n\t\t\t\t\t\t<\/div>\n\t\t\t\t<\/div>\n\t\t\t\t<div class=\"elementor-element elementor-element-d1d38e5 elementor-widget elementor-widget-heading\" data-id=\"d1d38e5\" data-element_type=\"widget\" data-e-type=\"widget\" data-widget_type=\"heading.default\">\n\t\t\t\t<div class=\"elementor-widget-container\">\n\t\t\t\t\t<h3 class=\"elementor-heading-title elementor-size-default\">Asunci\u00f3n del Ba\u00f1o L\u00f3pez<\/h3>\t\t\t\t<\/div>\n\t\t\t\t<\/div>\n\t\t\t\t<div class=\"elementor-element elementor-element-5b54b9f elementor-widget elementor-widget-heading\" data-id=\"5b54b9f\" data-element_type=\"widget\" data-e-type=\"widget\" data-widget_type=\"heading.default\">\n\t\t\t\t<div class=\"elementor-widget-container\">\n\t\t\t\t\t<span class=\"elementor-heading-title elementor-size-default\">Psic\u00f3loga General Sanitaria - MU00796<\/span>\t\t\t\t<\/div>\n\t\t\t\t<\/div>\n\t\t\t\t<div class=\"elementor-element elementor-element-abf0704 elementor-widget elementor-widget-text-editor\" data-id=\"abf0704\" data-element_type=\"widget\" data-e-type=\"widget\" data-widget_type=\"text-editor.default\">\n\t\t\t\t<div class=\"elementor-widget-container\">\n\t\t\t\t\t\t\t\t\t<p>Me licencio en Psicolog\u00eda por la Universidad de Murcia y contin\u00fao mi formaci\u00f3n pr\u00e1ctica en el Hospital Xeral de Galicia.\u00a0<\/p><p>Me grad\u00fao en Criminolog\u00eda por la Universidad de Santiago de Compostela, y de vuelta a casa, formo parte del Turno de Oficio del Colegio de Psic\u00f3logos de Murcia atendiendo v\u00edctimas de violencia de g\u00e9nero.\u00a0<\/p><p>Posteriormente participo con el Instituto de la Mujer en programas de atenci\u00f3n a Mujeres Desfavorecidas, as\u00ed como en proyectos de trabajo en el \u00e1mbito de las adicciones tanto en terapia individual como grupal.<\/p><p><span style=\"caret-color: #201f1e; color: #201f1e; font-family: 'Segoe UI', 'Segoe UI Web (West European)', 'Segoe UI', -apple-system, BlinkMacSystemFont, Roboto, 'Helvetica Neue', sans-serif; font-size: 15px;\">T\u00e9lefono: 646192750<\/span><\/p>\t\t\t\t\t\t\t\t<\/div>\n\t\t\t\t<\/div>\n\t\t\t\t\t<\/div>\n\t\t<\/div>\n\t\t\t\t<div class=\"elementor-column elementor-col-33 elementor-inner-column elementor-element elementor-element-0af56bf\" data-id=\"0af56bf\" data-element_type=\"column\" data-e-type=\"column\" data-settings=\"{&quot;background_background&quot;:&quot;classic&quot;}\">\n\t\t\t<div class=\"elementor-widget-wrap elementor-element-populated\">\n\t\t\t\t\t\t<div class=\"elementor-element elementor-element-064e9e0 elementor-widget elementor-widget-spacer\" data-id=\"064e9e0\" data-element_type=\"widget\" data-e-type=\"widget\" data-widget_type=\"spacer.default\">\n\t\t\t\t<div class=\"elementor-widget-container\">\n\t\t\t\t\t\t\t<div class=\"elementor-spacer\">\n\t\t\t<div class=\"elementor-spacer-inner\"><\/div>\n\t\t<\/div>\n\t\t\t\t\t\t<\/div>\n\t\t\t\t<\/div>\n\t\t\t\t<div class=\"elementor-element elementor-element-bad9c56 elementor-widget elementor-widget-heading\" data-id=\"bad9c56\" data-element_type=\"widget\" data-e-type=\"widget\" data-widget_type=\"heading.default\">\n\t\t\t\t<div class=\"elementor-widget-container\">\n\t\t\t\t\t<h3 class=\"elementor-heading-title elementor-size-default\">Isabel Blanco Mart\u00ednez<\/h3>\t\t\t\t<\/div>\n\t\t\t\t<\/div>\n\t\t\t\t<div class=\"elementor-element elementor-element-a214943 elementor-widget elementor-widget-heading\" data-id=\"a214943\" data-element_type=\"widget\" data-e-type=\"widget\" data-widget_type=\"heading.default\">\n\t\t\t\t<div class=\"elementor-widget-container\">\n\t\t\t\t\t<span class=\"elementor-heading-title elementor-size-default\">Psic\u00f3loga General Sanitaria - MU01721<\/span>\t\t\t\t<\/div>\n\t\t\t\t<\/div>\n\t\t\t\t<div class=\"elementor-element elementor-element-8029b73 elementor-widget elementor-widget-text-editor\" data-id=\"8029b73\" data-element_type=\"widget\" data-e-type=\"widget\" data-widget_type=\"text-editor.default\">\n\t\t\t\t<div class=\"elementor-widget-container\">\n\t\t\t\t\t\t\t\t\t<p>Mi carrera profesional de 20 a\u00f1os en el \u00e1mbito privado me ha permitido conseguir experiencia tanto en poblaci\u00f3n infanto-juvenil como en adultos, siempre en constante formaci\u00f3n a trav\u00e9s de cursos, jornadas y seminarios, lo que me permite dar un servicio de calidad y actualizado.<\/p><p>Preocupada por el bienestar de la familia realizo un trabajo de prevenci\u00f3n e intervenci\u00f3n en distintas \u00e1reas de la psicolog\u00eda como son problemas de conducta, creaci\u00f3n de h\u00e1bitos saludables, bajo rendimiento escolar, educaci\u00f3n emocional, habilidades sociales u orientaci\u00f3n a padres.<\/p><p>As\u00ed mismo, en el \u00e1mbito de la logopedia trabajo con ni\u00f1os y j\u00f3venes afectados por diversas patolog\u00edas del lenguaje destacando amplia experiencia en estimulaci\u00f3n del lenguaje en primera infancia.<\/p><p><span style=\"color: var(--nv-text-color);\"><b>Diplomada en Logopedia colegiada 30\/475.<\/b><\/span><\/p><p>Tel\u00e9fono: 696413779<\/p>\t\t\t\t\t\t\t\t<\/div>\n\t\t\t\t<\/div>\n\t\t\t\t\t<\/div>\n\t\t<\/div>\n\t\t\t\t<div class=\"elementor-column elementor-col-33 elementor-inner-column elementor-element elementor-element-8c8ff35\" data-id=\"8c8ff35\" data-element_type=\"column\" data-e-type=\"column\" data-settings=\"{&quot;background_background&quot;:&quot;classic&quot;}\">\n\t\t\t<div class=\"elementor-widget-wrap elementor-element-populated\">\n\t\t\t\t\t\t<div class=\"elementor-element elementor-element-57f4f1b elementor-widget elementor-widget-spacer\" data-id=\"57f4f1b\" data-element_type=\"widget\" data-e-type=\"widget\" data-widget_type=\"spacer.default\">\n\t\t\t\t<div class=\"elementor-widget-container\">\n\t\t\t\t\t\t\t<div class=\"elementor-spacer\">\n\t\t\t<div class=\"elementor-spacer-inner\"><\/div>\n\t\t<\/div>\n\t\t\t\t\t\t<\/div>\n\t\t\t\t<\/div>\n\t\t\t\t<div class=\"elementor-element elementor-element-948c8f8 elementor-widget elementor-widget-heading\" data-id=\"948c8f8\" data-element_type=\"widget\" data-e-type=\"widget\" data-widget_type=\"heading.default\">\n\t\t\t\t<div class=\"elementor-widget-container\">\n\t\t\t\t\t<h3 class=\"elementor-heading-title elementor-size-default\">Juana Fern\u00e1ndez Paco<\/h3>\t\t\t\t<\/div>\n\t\t\t\t<\/div>\n\t\t\t\t<div class=\"elementor-element elementor-element-755d756 elementor-widget elementor-widget-heading\" data-id=\"755d756\" data-element_type=\"widget\" data-e-type=\"widget\" data-widget_type=\"heading.default\">\n\t\t\t\t<div class=\"elementor-widget-container\">\n\t\t\t\t\t<span class=\"elementor-heading-title elementor-size-default\">Psic\u00f3loga General Sanitaria - MU2804<\/span>\t\t\t\t<\/div>\n\t\t\t\t<\/div>\n\t\t\t\t<div class=\"elementor-element elementor-element-dc590c7 elementor-widget elementor-widget-text-editor\" data-id=\"dc590c7\" data-element_type=\"widget\" data-e-type=\"widget\" data-widget_type=\"text-editor.default\">\n\t\t\t\t<div class=\"elementor-widget-container\">\n\t\t\t\t\t\t\t\t\t<p>Modelo Ecl\u00e9ctico e Integrador\u00a0<span style=\"color: var(--nv-text-color);\">te facilito y acompa\u00f1o en los momentos dif\u00edciles de tu vida:\u00a0<\/span><\/p><div>\u2022 Momentos de estr\u00e9s.<\/div><div>\u2022 Ansiedad y Miedos.<\/div><div>\u2022 Tristeza, decaimiento y apat\u00eda.<\/div><div>\u2022 Estar en el presente: Relajaci\u00f3n.<\/div><div>\u2022 Control de peso.<\/div><div>\u2022 P\u00e9rdidas vitales.<\/div><div>\u2022 Problemas de Pareja y Familia.<\/div><div>\u2022 Adaptaci\u00f3n al cambio.<\/div><div>\u2022 B\u00fasqueda de empleo.<\/div><div>\u2022 Autoestima y Autoconocimiento..<\/div><div>\u2022 Comunicaci\u00f3n y habilidades sociales.<\/div><div><p>\u2022 Consecuci\u00f3n de objetivos.<\/p><div><b>Especialista en Psicopatolog\u00eda Social.<\/b><\/div><div><span style=\"color: var(--nv-text-color);\"><b>Master en Recursos Humanos.<\/b><\/span><\/div><div><span style=\"color: var(--nv-text-color);\"><b>Master en Prevenci\u00f3n R.L.<\/b><\/span><\/div><div><b>Master en Recursos Did\u00e1cticos.<\/b><\/div><\/div><div>\u00a0<\/div><div>Tel\u00e9fono: 696413778<\/div>\t\t\t\t\t\t\t\t<\/div>\n\t\t\t\t<\/div>\n\t\t\t\t\t<\/div>\n\t\t<\/div>\n\t\t\t\t\t<\/div>\n\t\t<\/section>\n\t\t\t\t\t<\/div>\n\t\t<\/div>\n\t\t\t\t\t<\/div>\n\t\t<\/section>\n\t\t\t\t<section class=\"elementor-section elementor-top-section elementor-element elementor-element-c6b41b4 elementor-section-content-middle elementor-section-boxed elementor-section-height-default elementor-section-height-default\" data-id=\"c6b41b4\" data-element_type=\"section\" data-e-type=\"section\" data-settings=\"{&quot;background_background&quot;:&quot;classic&quot;}\">\n\t\t\t\t\t\t<div class=\"elementor-container elementor-column-gap-default\">\n\t\t\t\t\t<div class=\"elementor-column elementor-col-50 elementor-top-column elementor-element elementor-element-1afcfa0\" data-id=\"1afcfa0\" data-element_type=\"column\" data-e-type=\"column\">\n\t\t\t<div class=\"elementor-widget-wrap elementor-element-populated\">\n\t\t\t\t\t\t<div class=\"elementor-element elementor-element-78f0cb4 elementor-widget elementor-widget-heading\" data-id=\"78f0cb4\" data-element_type=\"widget\" data-e-type=\"widget\" data-widget_type=\"heading.default\">\n\t\t\t\t<div class=\"elementor-widget-container\">\n\t\t\t\t\t<h2 class=\"elementor-heading-title elementor-size-default\">Cons\u00faltanos sin compromiso<\/h2>\t\t\t\t<\/div>\n\t\t\t\t<\/div>\n\t\t\t\t<div class=\"elementor-element elementor-element-b0df39d elementor-widget elementor-widget-heading\" data-id=\"b0df39d\" data-element_type=\"widget\" data-e-type=\"widget\" data-widget_type=\"heading.default\">\n\t\t\t\t<div class=\"elementor-widget-container\">\n\t\t\t\t\t<span class=\"elementor-heading-title elementor-size-default\">Ll\u00e1manos o ven a nuestra consulta.<\/span>\t\t\t\t<\/div>\n\t\t\t\t<\/div>\n\t\t\t\t<section class=\"elementor-section elementor-inner-section elementor-element elementor-element-fae9124 elementor-section-boxed elementor-section-height-default elementor-section-height-default\" data-id=\"fae9124\" data-element_type=\"section\" data-e-type=\"section\">\n\t\t\t\t\t\t<div class=\"elementor-container elementor-column-gap-default\">\n\t\t\t\t\t<div class=\"elementor-column elementor-col-50 elementor-inner-column elementor-element elementor-element-e641e42\" data-id=\"e641e42\" data-element_type=\"column\" data-e-type=\"column\">\n\t\t\t<div class=\"elementor-widget-wrap elementor-element-populated\">\n\t\t\t\t\t\t<div class=\"elementor-element elementor-element-ccc21c8 elementor-align-left elementor-mobile-align-justify elementor-widget elementor-widget-button\" data-id=\"ccc21c8\" data-element_type=\"widget\" data-e-type=\"widget\" data-widget_type=\"button.default\">\n\t\t\t\t<div class=\"elementor-widget-container\">\n\t\t\t\t\t\t\t\t\t<div class=\"elementor-button-wrapper\">\n\t\t\t\t\t<a class=\"elementor-button elementor-button-link elementor-size-md\" href=\"\/web\/contacto\">\n\t\t\t\t\t\t<span class=\"elementor-button-content-wrapper\">\n\t\t\t\t\t\t\t\t\t<span class=\"elementor-button-text\">contacta con nosotras<\/span>\n\t\t\t\t\t<\/span>\n\t\t\t\t\t<\/a>\n\t\t\t\t<\/div>\n\t\t\t\t\t\t\t\t<\/div>\n\t\t\t\t<\/div>\n\t\t\t\t\t<\/div>\n\t\t<\/div>\n\t\t\t\t<div class=\"elementor-column elementor-col-50 elementor-inner-column elementor-element elementor-element-f6e945d\" data-id=\"f6e945d\" data-element_type=\"column\" data-e-type=\"column\">\n\t\t\t<div class=\"elementor-widget-wrap elementor-element-populated\">\n\t\t\t\t\t\t\t<\/div>\n\t\t<\/div>\n\t\t\t\t\t<\/div>\n\t\t<\/section>\n\t\t\t\t\t<\/div>\n\t\t<\/div>\n\t\t\t\t<div class=\"elementor-column elementor-col-50 elementor-top-column elementor-element elementor-element-315a23a elementor-hidden-tablet elementor-hidden-phone\" data-id=\"315a23a\" data-element_type=\"column\" data-e-type=\"column\">\n\t\t\t<div class=\"elementor-widget-wrap elementor-element-populated\">\n\t\t\t\t\t\t<div class=\"elementor-element elementor-element-8c87b3f elementor-widget elementor-widget-image\" data-id=\"8c87b3f\" data-element_type=\"widget\" data-e-type=\"widget\" data-widget_type=\"image.default\">\n\t\t\t\t<div class=\"elementor-widget-container\">\n\t\t\t\t\t\t\t\t\t\t\t\t\t\t\t<img decoding=\"async\" data-attachment-id=\"132\" data-permalink=\"https:\/\/www.lenguajeyemociones.com\/web\/psychologist-z-27\/\" data-orig-file=\"https:\/\/www.lenguajeyemociones.com\/web\/wp-content\/uploads\/2020\/04\/neve-psychologist-z-27.jpg\" data-orig-size=\"900,600\" data-comments-opened=\"1\" data-image-meta=\"{&quot;aperture&quot;:&quot;0&quot;,&quot;credit&quot;:&quot;&quot;,&quot;camera&quot;:&quot;&quot;,&quot;caption&quot;:&quot;&quot;,&quot;created_timestamp&quot;:&quot;0&quot;,&quot;copyright&quot;:&quot;&quot;,&quot;focal_length&quot;:&quot;0&quot;,&quot;iso&quot;:&quot;0&quot;,&quot;shutter_speed&quot;:&quot;0&quot;,&quot;title&quot;:&quot;&quot;,&quot;orientation&quot;:&quot;0&quot;}\" data-image-title=\"psychologist-z-27\" data-image-description=\"\" data-image-caption=\"\" data-large-file=\"https:\/\/www.lenguajeyemociones.com\/web\/wp-content\/uploads\/2020\/04\/neve-psychologist-z-27.jpg\" width=\"150\" height=\"100\" src=\"https:\/\/www.lenguajeyemociones.com\/web\/wp-content\/uploads\/2020\/04\/neve-psychologist-z-27.jpg\" class=\"attachment-thumbnail size-thumbnail wp-image-132\" alt=\"\" data-attachment-id=\"132\" data-permalink=\"https:\/\/www.lenguajeyemociones.com\/web\/psychologist-z-27\/\" data-orig-file=\"https:\/\/www.lenguajeyemociones.com\/web\/wp-content\/uploads\/2020\/04\/neve-psychologist-z-27.jpg\" data-orig-size=\"900,600\" data-comments-opened=\"1\" data-image-meta=\"{&quot;aperture&quot;:&quot;0&quot;,&quot;credit&quot;:&quot;&quot;,&quot;camera&quot;:&quot;&quot;,&quot;caption&quot;:&quot;&quot;,&quot;created_timestamp&quot;:&quot;0&quot;,&quot;copyright&quot;:&quot;&quot;,&quot;focal_length&quot;:&quot;0&quot;,&quot;iso&quot;:&quot;0&quot;,&quot;shutter_speed&quot;:&quot;0&quot;,&quot;title&quot;:&quot;&quot;,&quot;orientation&quot;:&quot;0&quot;}\" data-image-title=\"psychologist-z-27\" data-image-description=\"\" data-image-caption=\"\" data-large-file=\"https:\/\/www.lenguajeyemociones.com\/web\/wp-content\/uploads\/2020\/04\/neve-psychologist-z-27.jpg\" \/>\t\t\t\t\t\t\t\t\t\t\t\t\t\t\t<\/div>\n\t\t\t\t<\/div>\n\t\t\t\t\t<\/div>\n\t\t<\/div>\n\t\t\t\t\t<\/div>\n\t\t<\/section>\n\t\t\t\t<\/div>\n\t\t","protected":false},"excerpt":{"rendered":"<p>Sobre nosotras Asunci\u00f3n del Ba\u00f1o L\u00f3pez Psic\u00f3loga General Sanitaria &#8211; MU00796 Me licencio en Psicolog\u00eda por la Universidad de Murcia y contin\u00fao mi formaci\u00f3n pr\u00e1ctica en el Hospital Xeral de Galicia.\u00a0 Me grad\u00fao en Criminolog\u00eda por la Universidad de Santiago de Compostela, y de vuelta a casa, formo parte del Turno de Oficio del Colegio&hellip;&nbsp;<a href=\"https:\/\/www.lenguajeyemociones.com\/web\/sobre-nosotras\/\" rel=\"bookmark\">Leer m\u00e1s &raquo;<span class=\"screen-reader-text\">Sobre nosotras<\/span><\/a><\/p>\n","protected":false},"author":1,"featured_media":0,"parent":0,"menu_order":0,"comment_status":"closed","ping_status":"closed","template":"page-templates\/template-pagebuilder-full-width.php","meta":{"neve_meta_sidebar":"full-width","neve_meta_container":"","neve_meta_enable_content_width":"on","neve_meta_content_width":100,"neve_meta_title_alignment":"","neve_meta_author_avatar":"","neve_post_elements_order":"","neve_meta_disable_header":"","neve_meta_disable_footer":"","neve_meta_disable_title":"","neve_meta_reading_time":"","footnotes":""},"class_list":["post-139","page","type-page","status-publish","hentry"],"jetpack_shortlink":"https:\/\/wp.me\/PcAr6t-2f","jetpack_sharing_enabled":true,"_links":{"self":[{"href":"https:\/\/www.lenguajeyemociones.com\/web\/wp-json\/wp\/v2\/pages\/139","targetHints":{"allow":["GET"]}}],"collection":[{"href":"https:\/\/www.lenguajeyemociones.com\/web\/wp-json\/wp\/v2\/pages"}],"about":[{"href":"https:\/\/www.lenguajeyemociones.com\/web\/wp-json\/wp\/v2\/types\/page"}],"author":[{"embeddable":true,"href":"https:\/\/www.lenguajeyemociones.com\/web\/wp-json\/wp\/v2\/users\/1"}],"replies":[{"embeddable":true,"href":"https:\/\/www.lenguajeyemociones.com\/web\/wp-json\/wp\/v2\/comments?post=139"}],"version-history":[{"count":58,"href":"https:\/\/www.lenguajeyemociones.com\/web\/wp-json\/wp\/v2\/pages\/139\/revisions"}],"predecessor-version":[{"id":351,"href":"https:\/\/www.lenguajeyemociones.com\/web\/wp-json\/wp\/v2\/pages\/139\/revisions\/351"}],"wp:attachment":[{"href":"https:\/\/www.lenguajeyemociones.com\/web\/wp-json\/wp\/v2\/media?parent=139"}],"curies":[{"name":"wp","href":"https:\/\/api.w.org\/{rel}","templated":true}]}}